ivided by k(z).
21
Let v(q) = -q**2 - 2*q + 8. Let c be v(-4). Suppose -5*b + 3*b - 5*g - 2 = c, 3*b - 5*g - 47 = 0. Calculate the remainder when 120/b - 2/(-3) is divided by 8.
6
Let t = -288 - -315. Calculate the remainder when 73 is divided by t.
19
Let h(y) = 10*y - 10. Suppose 6*g - 3*g - 12 = 0. What is the remainder when h(2) is divided by g?
2
Calculate the remainder when -6 + 0 + 123 + 1/1 is divided by 50.
18
Let p be 24 + -21 - 7*-4. Let y(c) = 7*c - 7. Let i be y(7). Suppose g - p = i. Calculate the remainder when g is divided by 25.
23
Suppose -2*t = t + 2*v - 22, -t - 5*v + 29 = 0. Calculate the remainder when 70 is divided by t.
2
Suppose -2*w + 99 = 2*z + z, -2*w = -4*z - 78. What is the remainder when 762 is divided by w?
42
Suppose 2*n + 2*n + 5*k - 346 = 0, 0 = -n - 4*k + 92. What is the remainder when 1004 is divided by n?
80
Suppose 270*h + 156 = 276*h. What is the remainder when 409 is divided by h?
19
Let z = 1934 - 1453. Calculate the remainder when z is divided by 121.
118
Suppose 0 = -5*f - 4*l + 6, -4*l = -2*f + 3 + 5. Let t(b) = b**3 + 3*b**2 - 5*b + 2. Calculate the remainder when t(-4) is divided by f.
0
Let w(v) = 3*v**2 - 25*v + 34. Suppose -5*d = -8 - 37. What is the remainder when w(d) is divided by 1/3 + 41/3?
10
Suppose -2*h - 28 = -0*h + 5*c, -2*h - c = 12. Let q(p) = 4*p**2 - 5*p - 1. What is the remainder when q(h) is divided by 21?
20
Let j(w) = 2*w**2 + 1. Let x(q) = q**2 - 7*q - 5. Let c be x(8). Calculate the remainder when 37 is divided by j(c).
18
Let o = 30 - 33. Calculate the remainder when (-164)/6*9/o is divided by 28.
26
Let l(c) = -5*c**3 - 14*c**2 + 26*c + 121. What is the remainder when l(-5) is divided by 15?
11
Let u(p) = p**3 - 6*p**2 - 8*p + 6. Let o be u(7). Let v be 6/(1*(2 - o)). Suppose v*x - 4*x = -42. What is the remainder when 104 is divided by x?
20
Let t(o) = -o**2 + 7*o + 10. Let b = 8 - 5. Let h(f) = 2*f**2 - 3*f - 2. Let a be h(b). Calculate the remainder when t(a) is divided by 6.
4
Suppose 2*g = -124 + 114, 970 = 4*o + 2*g. Calculate the remainder when o is divided by 3.
2
Suppose -600 = -18*x + 8*x. Calculate the remainder when 114 is divided by x.
54
Suppose -15*x + 18*x = -3*o + 2589, 2*x - 1751 = 3*o. Calculate the remainder when x is divided by 29.
27
Let q = -36 - -40. Suppose q*y - 12 = 16. Calculate the remainder when 26 is divided by y.
5
Suppose 78*d + 1328 = 86*d. Calculate the remainder when d is divided by 14.
12
Suppose -n + 17 = 6. Suppose 8*j = 34*j - 182. Calculate the remainder when n is divided by j.
4
Suppose 0 = 9*t + 89 - 170. What is the remainder when 47 is divided by t?
2
Suppose 4*k = 782 - 118. Calculate the remainder when k is divided by 17.
13
Let s(z) = -23*z + 144. Calculate the remainder when 153 is divided by s(4).
49
Let b = 4 + 11. Let h = b + -10. What is the remainder when 6 is divided by h?
1
Let a be 9 - -1 - (1 + -3). Let d(h) = h**2 + 288*h - 2030. Calculate the remainder when d(7) is divided by (-1)/(-1*1/a).
11
Let l(z) = 16*z**3 - z**2 - 31*z + 30*z - 1 + 2*z**2. Calculate the remainder when 39 is divided by l(1).
9
Let j(m) = -16*m - 19. Let h be j(-7). Suppose 2*s - x - h = 2*x, -4*s = x - 179. Calculate the remainder when s is divided by 12.
9
Let f = 114 - 53. What is the remainder when f is divided by 14?
5
Let b = 3781 + -3770. Let d(q) = 2*q**2 - 4*q + 2. Calculate the remainder when d(4) is divided by b.
7
Suppose -398 = -5*u + b, -3*u - 6*b + 8*b = -243. What is the remainder when u is divided by 20?
19
Let i(z) = -1 - 5 + 4 + z - 10*z. Suppose 0 = -0*d + 4*d - 244. Calculate the remainder when d is divided by i(-2).
13
Let l(u) = 8*u**2 - u. Let j be l(1). Suppose 0 = s - 3 - j. Calculate the remainder when (-4)/(-14) + (-1652)/(-49) + -6 is divided by s.
8
Let n = 3641 + -3539. What is the remainder when n is divided by ((-105)/9)/((-1)/3)?
32
Suppose 3*y - 32 - 263 = -4*o, 5*o = -y + 113. What is the remainder when y is divided by 32?
29
Let v = 17 + 235. Suppose 5*g - v = -g. Let x = 15 + g. What is the remainder when x is divided by 15?
12
Let q = 7 + 5. Let s(j) = -j**2 + 12*j + 6. Let z be s(q). What is the remainder when 15 is divided by (-2)/z + (-38)/(-6)?
3
Let a be (1 + -1)/(6/(-6)). Suppose -2*y + 3*z - 1 + 5 = a, 2*y - 4 = -z. Suppose 13 = y*m - 39. What is the remainder when 103 is divided by m?
25
Let f be (16 + -19)*(-8)/(-6). Let i(q) = -q**2 - 5*q - 3. Let g be i(f). Let b(h) = 48*h. What is the remainder when b(g) is divided by 17?
14
Let i = 7 - 2. Suppose 20 + 0 = -i*v. What is the remainder when (3/9)/(v/(-708)) is divided by 15?
14
Let r = -332 + 485. Calculate the remainder when r is divided by 37.
5
Suppose 16 = 6*b - 2*b. Suppose -2*c + 4*f = f - 20, 2*f - 24 = -b*c. What is the remainder when (3 + (0 - 4))*-19 is divided by c?
5
Suppose 25 = 2*s + 5*j, -5*s + j = -8 - 14. What is the remainder when 86 is divided by 5 - (0 + (s - 15))?
11
Let m = -4 + 14. Suppose 4*z = 7*v - 3*v - 56, -2*z = -4*v + 46. Suppose 5*a = -4*h + 43, -3*a = -2*h - 4 + v. Calculate the remainder when m is divided by h.
3
Suppose 5*x = 5, -n - 5*x - 85 = 2*n. Let f = -20 - n. What is the remainder when f is divided by 4?
2
Suppose -n + 6 - 2 = 0, 34 = 3*p + n. What is the remainder when 44 is divided by (2 - 95/p)*-2?
14
Suppose -2*z = 4*q - 666, 45*z = -2*q + 48*z + 321. What is the remainder when q is divided by 86?
79
Let c be (-27)/(-45) + (-2806)/10. Calculate the remainder when 21 is divided by (-2)/(-9) - c/36.
5
Let q(j) = -j**3 + 10*j**2 - 5*j + 64. Calculate the remainder when 3598 is divided by q(9).
98
Suppose -11*j + 47 = -63. Calculate the remainder when 117 is divided by j.
7
Let n(z) = 5 + 4*z**3 - 4 + 8*z**2 - 5*z - 5*z**3. Calculate the remainder when n(7) is divided by 9.
6
Let z(f) = -2*f**3 + 2*f**2 + 2*f - 2. Calculate the remainder when z(-2) is divided by (-7)/(-2)*(-8)/16*-4.
4
Let i(r) = -2*r - 10. Let t be i(-5). Suppose 4*u - 301 = 5*v, u + t*v + 3*v = 71. Let a = 141 - u. Calculate the remainder when a is divided by 14.
11
Let p(k) = 6*k**2 - 63*k - 5. What is the remainder when p(13) is divided by 13?
8
Let s = -69 - -72. Suppose 2*t - 4 = 2. Calculate the remainder when 4/(-4)*-1*t is divided by s.
0
Let h(t) = -6*t - 10. Let q be h(-6). Suppose 8*b + q = 10*b. What is the remainder when b is divided by 3?
1
Let u = 396 + -220. Calculate the remainder when u is divided by 9.
5
Let o = -305 + 311. What is the remainder when 115 is divided by o?
1
Let v be -42*-1*(-4)/8. Let p = -18 - v. Suppose 0 = -4*a - 20, 27 = 7*u - 3*u - p*a. What is the remainder when 11 is divided by u?
2
Suppose -16*t + 188 + 356 = 0. What is the remainder when 91 is divided by t?
23
Suppose -m - 5*s - 460 = 0, 2*m - 3*s - 2*s + 905 = 0. Let x = -271 - m. Let i = -69 + x. What is the remainder when i is divided by 29?
28
Suppose 14 = p - 23. Suppose -o + 18 = -5*j - 7, 4*j + 22 = o. Calculate the remainder when p is divided by o.
7
Let h be 1060/12 - (-5)/(-15). Suppose 4*a - 60 = 5*i + h, -4*a + 4*i + 152 = 0. What is the remainder when a is divided by 23?
19
Let v = -257 + 467. Calculate the remainder when v is divided by 48.
18
Let o be 2/(-7) - (-2392)/91. Let m = o + -16. What is the remainder when 37 is divided by m?
7
Let x(c) = -c**2 - 2*c + 1. Let h be x(-3). Let l(t) = 2*t**2 + 2*t + 2. What is the remainder when 79/((-711)/(-12))*90/8 is divided by l(h)?
3
Let w(n) = n**3 - n**2 + 2*n + 4. Let v = 82 - 79. Calculate the remainder when 165 is divided by w(v).
25
Suppose -2*r - 15 - 1 = -2*c, -2*r + 4*c - 16 = 0. Calculate the remainder when 23 is divided by (35/(r - -3))/(-1).
2
Let l(b) = -b + 6. Let t(m) = -3*m + 24. Let z(x) = 15*l(x) - 4*t(x). Let v be z(-3). Calculate the remainder when 25 is divided by 1/1*(v + 6).
7
Let l = -1 + 5. Let k(w) = -13*w**2 + 8*w - 46. Let x(b) = -3*b**2 + 2*b - 11. Let d(r) = 2*k(r) - 9*x(r). Calculate the remainder when 41 is divided by d(l).
11
Let g(u) = u**2 - 18*u + 93. Calculate the remainder when g(11) is divided by 1.
0
Let x = -5 - -1. Let i(y) be the first derivative of y**4/4 + 7*y**3/3 + 3*y**2 + 5*y - 2. What is the remainder when i(x) is divided by 16?
13
Let z be 1/(-1)*(3 - 10). Suppose z + 3 = 5*d. Suppose d*v - 301 = -5*o, 0 = 4*o - 2*v - 3*v - 221.